 is divided by (-4)/2 - (-9 - -1).
4
Suppose 2*h + 2*s = 2, 2*s - 6*s - 21 = -h. Let r(y) = -y**2 - 8*y - 4. Calculate the remainder when r(-5) is divided by h.
1
Calculate the remainder when (-2)/6 - (-14)/6 is divided by (-1)/((-2)/4*2).
0
Suppose -5*n = -3*p - 44, -3*n - 3*p - p = -38. Let z = n + -1. Calculate the remainder when 26 is divided by z.
8
Let h = -54 + 69. Calculate the remainder when 27 is divided by h.
12
Let o(i) = i**3 - 2*i + 3. Suppose 2*t - 2*z = -2*t + 26, 2*t - 15 = -z. Suppose -t = -5*g + 3. What is the remainder when o(2) is divided by g?
1
Let x = 61 + -46. Suppose 4*k - 3*v = -4*v + 230, -5*v = -2*k + 104. What is the remainder when k is divided by x?
12
Calculate the remainder when -2 + 4 + 60 - 3 is divided by 10.
9
Let l = 43 - 18. Calculate the remainder when 45 is divided by l.
20
Let n(r) = 12*r - 1. Let d be n(1). Suppose 3*x + 5*w + 6 = 0, 8 + 1 = -2*x - 5*w. Let u = d + x. Calculate the remainder when 27 is divided by u.
13
Let n(w) = w**2 - 8*w - 25. Calculate the remainder when 13 is divided by n(11).
5
Calculate the remainder when 1/(((-1)/(-68))/((-2)/(-8))) is divided by 6.
5
Suppose -2*n + 100 - 22 = 0. What is the remainder when 155 is divided by n?
38
Let a = 5 - -28. What is the remainder when a is divided by 19?
14
Suppose -2*k - 3*k + 35 = 0. What is the remainder when k is divided by (-21)/(-9) + (-2)/(-3)?
1
Let a = 1 + 20. Let u(c) = c + 1. Suppose -3*w + 6*w = 0, 0 = -3*d - 4*w + 30. What is the remainder when a is divided by u(d)?
10
Calculate the remainder when (-2)/11 - 686/(-22) is divided by 17.
14
Suppose 0 = -5*o + x + 4*x + 90, -3*x = o + 2. Suppose 2*k - 4 = 0, 2*a - o = 3*k + 9. What is the remainder when 41 is divided by a?
13
Let y(i) = -i**3 - 3*i**2 - 3*i. Let q be y(-2). Suppose q*v = 4*v - 10. Calculate the remainder when 7 is divided by v.
2
Let g(x) = x**3 - x**2 - 62. Let o be g(0). Let u = 89 + o. Suppose -2*r + 2*h + 14 = 0, -2*h - 35 = -7*r + 2*r. What is the remainder when u is divided by r?
6
Let o be 3/(-1) - 19/(-1). Suppose -u - 3*u = -o. What is the remainder when u is divided by 3?
1
Suppose o - 1 = 4*v - 15, -2*o - 5*v + 24 = 0. Let g = 5 - o. Suppose 0 = -0*h - g*h + 18. What is the remainder when 16 is divided by h?
4
What is the remainder when 26 is divided by 4/14 + 96/7?
12
Let s = -90 - -108. Calculate the remainder when 66 is divided by s.
12
Let t(b) = -b + 4. Suppose 12 = -4*h, -r + 6*h + 21 = h. Let a = r + -1. Calculate the remainder when t(-5) is divided by a.
4
Let w be (-99)/(-36) + 1/4. Suppose -2*u - 4*v + 49 = w*u, -3*v - 33 = -4*u. What is the remainder when 42 is divided by u?
6
Suppose o = 25 + 17. Let v = -20 + o. Calculate the remainder when v is divided by 8.
6
Let j be 2/8 - 286/(-8). Let k = j - 17. Calculate the remainder when 73 is divided by k.
16
Calculate the remainder when 11 + 12/(-1 + -3) is divided by 5.
3
Let q(w) = 2*w - 2. Suppose 3*a - 4*t - 53 = 0, -4*a + 49 = t - 2*t. What is the remainder when a is divided by q(3)?
3
Let v(d) = -d**3 - 16*d**2 - 27*d + 22. What is the remainder when 11 is divided by v(-14)?
3
Calculate the remainder when 32 is divided by 24/9*(-27)/(-4).
14
Suppose -4*d + 33 + 23 = 0. Calculate the remainder when 97 is divided by d.
13
Suppose 624 = 8*x - 784. Calculate the remainder when x is divided by 36.
32
Let i(p) = p**3 + 12*p**2 + 18*p - 1. Calculate the remainder when i(-7) is divided by 24.
22
Let z = -18 + 91. Calculate the remainder when z is divided by 20.
13
Calculate the remainder when 15 is divided by (-10)/(-2) - (3 - 5 - 1).
7
Let q = -61 - -141. Calculate the remainder when q is divided by 21.
17
Let y(m) = -3*m + 6 + 0*m + 4*m. Let o be y(-4). Suppose o*i + 0*i - 18 = 0. Calculate the remainder when i is divided by 5.
4
Let y(x) = -2*x - 5. Let k(p) = 13*p + 1. Calculate the remainder when k(1) is divided by y(-5).
4
Let z(x) = 17*x**2 - x. Suppose -3*f + f = -92. Calculate the remainder when f is divided by z(1).
14
Suppose -q - 112 = -4*q + 4*f, q + 2*f - 24 = 0. What is the remainder when 93 is divided by q?
29
Let n be (-14 - 0)*(-10)/(-4). Let g = -20 - n. What is the remainder when 3/3 - 1 - -28 is divided by g?
13
Let z(t) = t**3 - 13*t**2 + 6*t + 3. Let q be z(12). Let y = q + 115. What is the remainder when y is divided by 16?
14
Let b be ((-20)/16)/((-1)/8). What is the remainder when 12 is divided by (-74)/(-10) - 4/b?
5
Let j = 190 - 117. What is the remainder when j is divided by 33?
7
Suppose 4*b + 5*n - n = 4, n - 6 = -2*b. Suppose u - w - 32 = 0, -41 = -u + 5*w - 7*w. Calculate the remainder when u is divided by -5*(-1)/b*9.
8
Let f be (-12)/(6/3) + 3. Let h be f + 143/(3 + -2). Suppose -j + h = 3*j. What is the remainder when j is divided by 12?
11
Suppose -3*x = 2*g - 47, g - 5*x - 42 = -2*g. Let m = -11 + g. Suppose 0 = r - 2*r + w + 26, -4*r = -5*w - 108. What is the remainder when r is divided by m?
6
Suppose -12 = -2*j + 10. Let k = 48 - 28. What is the remainder when k is divided by j?
9
Suppose 0*j = -j. Suppose j*p - 6 = -p. What is the remainder when 10 is divided by p?
4
Let d = 59 + -33. Let h = -25 + 40. What is the remainder when d is divided by h?
11
Let r = 5 - -13. Suppose -r = -2*x + 20. Calculate the remainder when x is divided by 7.
5
Let y(i) = -23*i - 25. Let f(b) = 15*b + 17. Let q(c) = -8*f(c) - 5*y(c). Calculate the remainder when q(-9) is divided by 12.
10
Suppose n - 62 = 4*t, t + t = 2*n - 148. What is the remainder when n is divided by (-2)/(-4) + 78/4?
18
Let r = -63 - -43. Let m(h) = -h**3 + 6*h**2 + 8. Let z be m(6). Let w = z - r. Calculate the remainder when w is divided by 15.
13
Calculate the remainder when 89 is divided by (-1350)/(-105) + 2/14.
11
Let o = -4 + 8. Suppose o*f = 5*s - 141, s = -0*s - 5*f + 5. What is the remainder when 73 is divided by s?
23
Let z(g) = -4*g - 2*g**2 + g**3 + 3*g + g**2. Let y = 16 - 11. Calculate the remainder when y is divided by z(2).
1
Let f = -21 - -41. What is the remainder when f is divided by 6?
2
Suppose -4*o - o + 200 = 0. Calculate the remainder when 77 is divided by o.
37
Suppose 18 - 99 = -3*k. What is the remainder when k is divided by 6?
3
Suppose -5*q = 3*v - v + 5, 0 = -2*v + 3*q + 19. What is the remainder when v is divided by 2?
1
Let u(l) = -l + 1. Let n be u(-3). Let z(o) = o**3 + 5*o**2 - 4*o - 2. Let j be z(-6). What is the remainder when 31 is divided by n/(-14) + (-158)/j?
9
Let r(s) = 7*s + 5. Let p be r(-4). Let u = p - -48. Let c = 37 - u. What is the remainder when c is divided by 7?
5
Let d(y) = y**3 - 4*y**2 + 4*y + 2. Let k = 1 - 3. Let q be (-2 - (k + 2))*-2. Calculate the remainder when d(q) is divided by 5.
3
Suppose 0 = -3*y - y + 2*k + 146, 3*k - 9 = 0. What is the remainder when y is divided by 10?
8
Let v(f) = f**3 - 3*f**2 - 3*f + 1. Let n be v(4). Let b(t) = t + 2. Let g be b(n). Let q = g + 1. What is the remainder when q is divided by 3?
2
Suppose 0 = w + 2*w + 3. Let c be (-26 + 1 - 2)*w. What is the remainder when 2/(-9) - (-1356)/c is divided by 17?
16
Suppose 4 = 5*v - 21, -4*z = -3*v - 17. Calculate the remainder when 39 is divided by z.
7
Let d = -3 + 7. Suppose d*c = -3*k - 2, k - 4*c + 22 = -0*c. Let z = k + 9. Calculate the remainder when 5 is divided by z.
2
Suppose 6 = -d + 27. What is the remainder when d is divided by 6?
3
Let d = 21 + -6. Suppose 4*k + d = 5*k. Calculate the remainder when k is divided by 8.
7
What is the remainder when (5/25)/(2/190) is divided by (-69)/(-6) + 1/(-2)?
8
Let q be 5*1*3/5. Suppose q*f + 0*a = a + 8, 0 = -f + 4*a - 12. What is the remainder when 5 is divided by f?
1
Suppose m + 10 - 29 = 0. Calculate the remainder when 36 is divided by m.
17
Let i(q) = 5*q - 5. What is the remainder when 42 is divided by i(4)?
12
Let n(i) = -i**3 + 9*i**2 - 9*i + 2. Calculate the remainder when n(7) is divided by 19.
18
Suppose 4*u = n + 6, -u - 9 = 5*n - 6*n. Let z be 46/n + 4/(-14). Suppose 3*o - 18 = -3*d, -2*d = -z*d + 5*o + 24. What is the remainder when d is divided by 5?
4
What is the remainder when 91 is divided by (39/9 - 4)*(71 + -2)?
22
Let y(n) = n**3 - n**2 + 4*n - 3. Let h = 0 + 2. Suppose v - 3*k = 13, -5*v + 2*k + 109 = -2*k. Calculate the remainder when v is divided by y(h).
7
Suppose 4*i - c = -0*c + 489, 0 =